f 230 and l?
23
Suppose a = 5*m - 361, -m - a = -3*a - 74. Let u be ((-2)/(-3))/(2/m). Suppose 3*q = 4*q - 8. What is the greatest common divisor of q and u?
8
Let j be 2186/12 - 3/18. Let u be j/6 - (-3)/(-9). Suppose 2*l + 18 = 5*l. What is the greatest common divisor of u and l?
6
Let z(r) = 5*r + r**2 - 9 - 6 - 2*r. Let o be z(-9). Calculate the greatest common factor of o and 26.
13
Let j be 29*-6*17/(-51). Calculate the highest common factor of 464 and j.
58
Let g = 191 + -149. Calculate the greatest common factor of g and 63.
21
Suppose -2*i - 5*c + 36 = -3*c, 4*i + c - 84 = 0. Suppose 0 = -3*n - 6, -p - 3*n + 269 = 4*p. Calculate the greatest common divisor of p and i.
11
Suppose -3*b + 4*a = 3*a - 47, -b = -a - 19. What is the greatest common factor of b and 2?
2
Let n(x) = -20*x**2 + 1. Let u be n(-1). Let c(p) = p**3 + p**2 + 1. Let o be c(3). Let w = u + o. Calculate the greatest common divisor of 2 and w.
2
Suppose 4*p + 18 = 4*j - 22, 22 = -2*p + j. Let y be (6/p)/((-1)/14). Suppose -2*w - 75 = -y*w. What is the highest common factor of 6 and w?
3
Suppose -394 = -21*t + 2000. Calculate the greatest common factor of t and 285.
57
Suppose 13*r - 72 = 9*r. What is the highest common divisor of r and 27?
9
Let f be 0 - (62/1)/(-2). What is the greatest common divisor of 279 and f?
31
Let o be 8/(-52) + 1308/52. Calculate the greatest common divisor of o and 5.
5
Suppose 5*a + 105 = 2*m, -m - 4*a + 43 = -29. Suppose m = 3*c + 2*c. Suppose -4*u + 12 = -c. Calculate the highest common factor of u and 3.
3
Let n(v) = -v**3 + 5*v**2 + 2*v. Suppose s - 2 = 2. Let l be n(s). Suppose -l = -2*o + o. What is the greatest common divisor of o and 36?
12
Let h(f) = f**2 - f - 8. Let b be h(-4). Let v = -8 + b. Calculate the greatest common factor of 2 and v.
2
Let f be 420/(-245)*(8/(-3) + -2). Calculate the greatest common divisor of 56 and f.
8
Let h = 8 + -5. Suppose -2*y = -h*u - 13, -3 = -3*y - 3*u + 2*u. Suppose 4*t - 334 = -3*z, y*z = z + 4*t + 106. Calculate the highest common factor of 10 and z.
10
Let q(a) = -21*a - 5. Let n be q(-6). Let g = 185 - n. Calculate the greatest common divisor of g and 8.
8
Let k(x) = -x - 1. Let z(o) = -o - 6. Let b(y) = -4*k(y) + z(y). Let m be b(4). Calculate the greatest common divisor of m and 5.
5
Suppose -38 = -l + 4*m, -4*m = 3*l + m - 131. Suppose -s = d + 16 - 3, -4*s + d = l. Let j = s - -56. What is the highest common factor of j and 9?
9
Let h = 7 + -4. Let b(z) = -z - 3. Let w be b(-7). Suppose -5*j + w*o + 3 = 0, -2*o - 6 = -4*j - 0. What is the greatest common factor of j and h?
3
Let y(j) = 4*j**3 - 8*j**2 - 7*j + 1. Let o(t) = t**3 + t - 1. Let n(d) = 3*o(d) - y(d). Let w be n(9). What is the highest common factor of 15 and w?
5
Let h(y) = 5*y**2 - 17*y - 12. Let z be h(9). Calculate the greatest common divisor of 30 and z.
30
Let p be ((-1)/(-2))/((-1)/(-2)). Suppose -3*q = -16 - 17. What is the highest common factor of q and p?
1
Suppose -5*t + 500 = -4*f + 134, -3*t + 230 = -5*f. Suppose 0 = -5*n + 5 + t. Calculate the highest common factor of 120 and n.
15
Let s be 131/7 + 3*10/105. What is the greatest common divisor of s and 95?
19
Let w(l) = l**2 - 2*l + 2. Let a be w(1). Suppose 3*z = -a + 7. Calculate the greatest common divisor of z and 2.
2
Let c = -107 - -192. Let i(h) = 35*h - 1. Let f be i(1). Calculate the greatest common divisor of c and f.
17
Suppose -3*o + 4*s - s + 9 = 0, 5*o - 3*s - 23 = 0. Calculate the highest common factor of 63 and o.
7
Let o(d) = -246*d + 2. Let j be o(-2). Suppose 3*k - j = -83. Let n = 254 - k. Calculate the highest common factor of n and 13.
13
Let v(o) = 2*o**2 + 68. Let q be v(0). What is the highest common factor of q and 17?
17
Let c = 6 + 9. Calculate the greatest common factor of 75 and c.
15
Let a be 1/(-3) + (-1734)/(-18). Suppose 0 = -7*q + 3*q + o + a, -2*q + 4*o + 48 = 0. What is the greatest common factor of 8 and q?
8
Let m be 10 - (0/(-2) + 0). Suppose -4*o - 2 + 14 = 0. Suppose 2*x - 325 = -5*u - o*x, -115 = -2*u - 5*x. What is the highest common divisor of u and m?
10
Let x(s) = -s + 0*s - s + 0*s. Let n be x(-3). Let j be 214/9 + (-4)/(-18). Calculate the highest common divisor of j and n.
6
Let t be (-12 + -3)*2/(-5). Let d be (9 - t)*(-2)/(-3). What is the greatest common factor of d and 4?
2
Suppose -5*h - 4*g + 2714 = 0, -4*h + 2823 = -4*g + 623. Let s be h/8 + 6/(-24). Let r = s - 32. Calculate the greatest common factor of r and 4.
4
Let p = -31 - -52. Let c be 1/(-5) + 72/(-15). Let d(l) = -l**3 - 5*l**2 - 4*l - 6. Let r be d(c). Calculate the highest common divisor of r and p.
7
Let l(c) = c + 40. Let n be l(-12). What is the greatest common factor of 140 and n?
28
Let k(o) = 6*o - 2. Let f be k(6). What is the greatest common factor of f and 51?
17
Let z(h) = -42*h - 8. Let l be z(-4). Calculate the highest common factor of l and 32.
32
Let g(o) = o**2 + 4*o - 8. Let x = 1 - 7. Let s be g(x). Let z be (22/s)/(5/140). Calculate the highest common factor of 14 and z.
14
Let q be 2/(-4)*(7 - 7). Let u be -15*9/(-3) + q. Suppose -3*w = -34 + 7. What is the greatest common factor of w and u?
9
Let z be (5 + -4)*(-27)/(-3). Let b = -5 + z. Let a(w) = 3*w + 2. Let k be a(b). What is the greatest common factor of k and 14?
14
Suppose 0 = 5*f + 32 + 18. Let x be (-4)/10 - 104/f. Let y be x - (0 + (1 - 0)). Calculate the greatest common divisor of 99 and y.
9
Let n(t) = t**3 - 2*t + 13. Let h be n(0). Calculate the highest common factor of 104 and h.
13
Suppose 3*o - 2 = 7. Suppose -3*u = o*s, 3*u + 1 = 2*s - 9. Let n be u/3 - 546/(-9). Calculate the greatest common factor of 24 and n.
12
Let j(n) = -n**3 - n**2 + 4*n. Let t be j(-3). Suppose -5*c + 7 = -2*c - r, r + 3 = c. What is the highest common divisor of c and t?
2
Let w(s) = s**2 - 6*s - 10. Let i be w(8). Suppose -j = j - i. Suppose 35 = 3*g - 5*a, j*g - 39 = -g - a. What is the highest common factor of 25 and g?
5
Suppose -4*l + 44 + 68 = 0. Let g be (-360)/l*21*1. Let d be (0 + -14)*g/21. Calculate the highest common divisor of 20 and d.
20
Suppose -3*s = -5*s - 6. Let a = s - -4. Let v(p) = p**2 + 5*p + 6. Let n be v(-4). Calculate the greatest common factor of a and n.
1
Let f(o) be the second derivative of -o**3/3 - 5*o. Let z be f(-11). What is the greatest common divisor of 33 and z?
11
Suppose 3*j - 4*a = -68, -5*j - 97 = 5*a + 63. Let g be (j/10 + 2)*-15. What is the highest common factor of 12 and g?
12
Suppose 0*d - 10 = -d + 2*k, d - 4*k - 8 = 0. Let s(x) = -17*x + 1. Let n be s(-1). Let v = n - d. Calculate the greatest common divisor of v and 4.
2
Let i = -2 - -23. Let z be (-2)/3*-6 + -1. Let v be z*1*98/i. What is the highest common factor of 98 and v?
14
Let c(o) = o - 4. Let q be c(8). What is the highest common divisor of 4 and q?
4
Suppose 0 = 4*n - 2 - 18. Suppose -n*l - 1 = o - 0*l, 3*o - 16 = 4*l. Calculate the greatest common divisor of 36 and o.
4
Suppose 5*u + 9 = 3*k, -5*k + 2*u + 15 = u. What is the greatest common factor of 6 and k?
3
Let s be -18*(3 + (-21)/6). Suppose 486 = 5*q + 3*d, -q = -2*d - 18 - 87. What is the highest common divisor of q and s?
9
Let u(b) = 3*b - 11. Let p be u(6). Calculate the greatest common factor of p and 56.
7
Suppose -4*v + 220 = -2*v. What is the greatest common divisor of v and 22?
22
Let f be ((-108)/(-45))/(59/(-30) - -2). What is the highest common factor of 8 and f?
8
Let i(a) be the first derivative of 11*a**2/2 + 7*a + 2. Let c be i(10). What is the greatest common divisor of c and 13?
13
Let b(h) = h. Let q be b(4). Suppose 12 = q*r - 20. What is the highest common factor of r and 4?
4
Suppose -5*h = -2*f - 76, -2*f + 6 = 2. Let g(v) = v**3 + 5*v**2 + 2. Let b be g(-5). Calculate the greatest common divisor of h and b.
2
Suppose -g + 0 = f + 2, 2*g - 2*f = -8. Let l be 38 + 2 + g + -1. Calculate the highest common factor of l and 90.
18
Suppose 5*r - 7 = 3. Suppose 64 = 5*x + r*l, 50 - 13 = 2*x - 3*l. Suppose -18 = -3*z + t - 0, -5*t = -2*z - 1. Calculate the greatest common factor of z and x.
7
Suppose 5*b - 5*s = -5, -2*b - 12 = 3*s - 0*s. Let p be b/(-6) + 549/2. Suppose -35 + p = 2*u. Calculate the highest common factor of 15 and u.
15
Suppose -2*n + 10 = -2*r, -3 = -5*n + r + 6. Calculate the